i - 13. Let g be j(11). Suppose 3 = -2*f - f, f = 2*r - g. Let t = 0 + r. What is the units digit of t?
4
Suppose 4*f = 198 - 58. What is the units digit of f?
5
Suppose -y - 3*y + 8 = 0. What is the units digit of 14*((-7)/y)/(-7)?
7
Let s(z) = -z**2 + 9*z + 3. Let k be s(9). Let g = 1 + k. What is the units digit of g?
4
Let b(x) = -x**3 + 6*x**2 - 3*x - 5. Let l be b(5). Let c = 0 + l. Suppose 49 = 4*g + j, -3*g - 14 + 72 = c*j. What is the tens digit of g?
1
Suppose 0*d = -2*d. Let x = d + 8. What is the units digit of x?
8
Suppose 0 = 3*x + 1 - 10. Let r(a) = -2*a**2 - 3*a**2 + 5*a + 1 + 0 + a**x. What is the units digit of r(4)?
5
Let x(r) = 8*r + 2*r - 1 + 10*r. What is the tens digit of x(3)?
5
Let h = 86 - 161. What is the tens digit of 1*8/(-20)*h?
3
What is the units digit of 122/3*(-42)/(-28)?
1
Let n = 2 + -4. Let j be (n/3)/((-7)/126). Let v = j + -2. What is the units digit of v?
0
Let g = -14 + 23. Suppose -u = 3*z - 3*u + 8, 4*z - u + g = 0. What is the units digit of ((-56)/21)/(z/3)?
4
Let j(x) = x**2 - 9*x - 9. Let d be j(10). What is the tens digit of (0 - 1)/(d/(-15))?
1
Let u(n) = -3*n - 10. Let r be (2 + -1)/(4/(-12)). Let y be 19/r - (-2)/(-3). What is the tens digit of u(y)?
1
Let o = -1 + 76. What is the units digit of o?
5
Let n = -32 - -91. What is the units digit of n?
9
Let p(j) = -j**3 - 3*j**2 + 2*j + 4. Suppose f + 1 = -3*c - f, 0 = -4*f + 16. Let g be p(c). What is the units digit of (-1)/g + 78/12?
7
What is the units digit of 15 - 9/(2 + 1)?
2
Let d be (-2)/(1 - 3/2). Suppose 2*x - 90 = -2*x - 5*t, -x + 14 = -3*t. Suppose x = d*h + h. What is the units digit of h?
4
Let v = 51 - 33. What is the tens digit of (v/1 - 1) + 3?
2
Let z be 0 + -2 + (5 - 0). Let k(g) = 5*g - 1. What is the tens digit of k(z)?
1
Suppose 5*l - 3*r - 31 = 0, 2*l - 3*r - 16 = -0*l. Suppose -l*n + 4*n + 3*w + 21 = 0, -5*w = 5*n - 105. What is the units digit of n?
1
Let i(h) = -h**3 + 6*h**2 + 9*h - 6. Suppose 0 = -5*f + 22 + 13. What is the units digit of i(f)?
8
What is the tens digit of 8/(-2) - (-33 - -3)?
2
Let p be ((-1)/1*-2)/(-1). What is the units digit of ((-2)/3)/(p/54)?
8
Let j(g) = g**3 - 2*g**2 - 3*g + 4. Let z be j(3). Suppose 6*x = 5*x + z. What is the units digit of x?
4
Let v = -1 + 3. Suppose 2*y = -v*o + 4*o + 2, y - 2*o = 0. What is the units digit of 1/(-2) + 17/y?
8
Let j(r) = r**2 + 9*r + 10. Let y(k) = 5*k - k - 2 - 3*k. Let v be y(-6). What is the units digit of j(v)?
2
Let y = 24 - 0. Suppose -5*v = -3*v - y. What is the units digit of v?
2
Let f = 14 - 4. What is the tens digit of f?
1
Let c(h) = h + 3. Let l(q) = q**3 - 5*q**2 + 6*q - 4. Let s be l(4). What is the units digit of c(s)?
7
Suppose -l + 33 = -2*n + n, 3*n = -2*l + 61. What is the tens digit of l?
3
Let s = -3 + 20. What is the tens digit of s?
1
Suppose 5*n = 61 + 29. What is the tens digit of n?
1
Let c = 47 + -36. What is the units digit of c?
1
Suppose -4*r - 5*w = -36, -2*r + 3*r - 3*w = -8. Suppose 7*a = r*a - 24. Let l = 3 - a. What is the units digit of l?
1
Let c(t) be the first derivative of 2*t**4 - 2*t**3/3 + t - 4. Let z(f) = -f**3 - f**2 + 1. Let v be z(0). What is the units digit of c(v)?
7
Let u(t) = -t**2 - 6*t + 3. Suppose -3*o - 4*b = -1, 3*o + 3*b = -0*b - 3. What is the units digit of u(o)?
8
Let u(c) = c**3 + 10*c**2 - 2*c + 2. Let r be ((-25)/10)/(1/4). Let k be u(r). Let g = k - 11. What is the tens digit of g?
1
Let h = 9 - 14. Let p(j) = -j**3 - 3*j**2 + 8*j + 7. What is the tens digit of p(h)?
1
Let w(a) = -3 + 2*a + 0*a + 1 - 2*a**2. Let z be w(3). What is the units digit of 4/z + (-51)/(-7)?
7
Let m be 26 + (1 - 1 - 1). Suppose 2*h = 2*p + m - 5, -82 = -5*h - 3*p. What is the tens digit of h?
1
What is the tens digit of (-566)/(-10) - (-6)/15?
5
Let u = 3 - 1. What is the units digit of u/9 - (-172)/36?
5
Let o be -1 - 1 - (-4)/2. Let s = 6 + -2. Suppose o = s*l + l - 30. What is the units digit of l?
6
Suppose -5*r + 360 - 100 = 5*v, 2*v - 69 = 5*r. What is the tens digit of v?
4
Let c = 5 - -17. Let w be ((-11)/2)/((-2)/(-4)). Let d = c + w. What is the units digit of d?
1
Let w = 35 + -25. Let x = w - 8. Suppose -3*l + 64 = 4*s, x*s - 16 - 2 = 2*l. What is the tens digit of s?
1
Let s = -271 - -469. What is the tens digit of s?
9
Suppose 0 = -2*o + 5*i + 105, 2*o = 2*i + 64 + 56. What is the units digit of o?
5
Let n(h) = 5 + 4*h**3 + h**2 - 8*h**2 + 6*h - 3*h**3 + 2*h. Let b be (-60)/(-9) - 4/6. What is the units digit of n(b)?
7
Suppose 0 = -0*w + 4*w - 8. Let h be 0/(-3)*1/w. What is the units digit of h + 0 - (-8)/4?
2
Let v = -37 + 61. Let n = v + 18. What is the units digit of n?
2
Suppose 0 = 57*f - 53*f - 260. What is the tens digit of f?
6
Let q = -134 + 192. What is the units digit of q?
8
Let y(n) = -n**3 - 20*n**2 - 13*n + 10. What is the tens digit of y(-20)?
7
Let s(j) = 5*j**2 - 3*j - 2. What is the units digit of s(-2)?
4
Suppose 2*v = -v - 5*x + 931, -3*v - 3*x = -927. What is the units digit of v?
7
Let u(n) = n - 11. Let y be u(-6). Let f = y - -21. What is the units digit of f?
4
Suppose 4*a - 5*b - 21 = 0, 2*a - 3*b - 11 = -2*a. What is the tens digit of (-39)/a + (10 - 11)?
3
Suppose 4*h - 8 = -0*h. Suppose 2*r - h = -w, -w - 2*r = 4*w - 10. What is the units digit of w?
2
Let i = 7 - 2. Let a = -4 + i. Suppose 2*x + 11 = 3*x + 4*q, -3*x - a = -5*q. What is the units digit of x?
3
Let d(p) = -4*p - 11. Let k be -2 - (-4)/(4/(-3)). What is the units digit of d(k)?
9
Let r(x) = 16*x - 4. Let z be r(7). Suppose z = 3*d - 4*h, -d - h = -6*h - 47. What is the tens digit of d?
3
Let j(s) = -s**2 + 2*s + 1. Let f(h) = 2*h**2 + 3*h - 1. Let b be f(-3). Let k(m) = m - 6. Let t be k(b). What is the units digit of j(t)?
1
Suppose -3*c + 0 = -21. Let a be 38/6 + c/(-21). Suppose -3 = -2*g + t, 3*g - t - a = -0. What is the units digit of g?
3
Let m(r) = -5*r. Suppose 5*l + 52 - 17 = 0. What is the units digit of m(l)?
5
Suppose -3*o - 3*n = -156, -4*o + n + 3*n + 168 = 0. What is the units digit of o?
7
Let l(t) = 2*t**2 + 7*t + 1. What is the tens digit of l(-7)?
5
Let z(u) = u**2 - 8*u + 3. What is the tens digit of z(13)?
6
Suppose -2*k + 180 = h + 3*h, -5*k = -h - 428. What is the units digit of k?
6
Let t be 3*(14/6 + 3). Let d = -8 + t. What is the units digit of d?
8
Suppose -3*g = 9, 3*g = 5*v + 4*g - 307. What is the tens digit of v?
6
Let h = -27 - -41. What is the tens digit of h?
1
Let o(m) = m - 2. Let w be o(4). Let l be 3/12*(-1 - -5). What is the units digit of (3 + -1)*l/w?
1
Let q(o) be the first derivative of -o**3/3 + 2*o**2 - 3*o + 3. Let t(x) = x. Let g be t(2). What is the units digit of q(g)?
1
Let v(k) = 21*k - 9. What is the units digit of v(4)?
5
Let i = 4 - 4. Suppose -3*y + 3*g = -3, i*y = -4*y - g - 6. Let a = 9 - y. What is the units digit of a?
0
Let o be 2 + 3 + (-3)/3. Suppose -a + o*r + 102 = 2*a, 34 = a - 2*r. What is the units digit of a?
4
Suppose 0 = 2*j - j - 3. Suppose -j*i + 16 = i. Suppose x + 1 = -w, 8*w = -i*x + 3*w - 8. What is the units digit of x?
3
Let v = 115 - 40. What is the units digit of v?
5
Let o be 6*(-4)/(-8)*(-4)/6. Let f = -7 - -14. What is the units digit of 3/(3/f) - o?
9
Suppose -2*k - 3*k - 2*v = -223, 0 = -v + 4. What is the units digit of k?
3
Let q = -105 + 189. Suppose -i = 5*d - 118, 5*i + 22 = 4*d - q. What is the tens digit of d?
2
Suppose 3*r = 3, -3*l + 4*r + 408 = -419. What is the units digit of l?
7
What is the tens digit of 148/3 + 6/9?
5
Let k(z) = -z - 6. Suppose -5*o + 0*o = 15. Let m be k(o). Let q = 12 - m. What is the units digit of q?
5
Let n = -169 + 348. What is the units digit of n?
9
Suppose -2*l - 2 = -4*l. Let t be 20 - 0 - (0 - l). Suppose s = 5*p - 21, 0 = -s - 5*p + t + 8. What is the units digit of s?
4
Suppose -3*f - 32 = -4*f. Let m = -22 + f. What is the units digit of m?
0
Suppose -l - 35 = -2*l. What is the units digit of l?
5
Suppose -5*s + 14 + 1 = 0. Suppose -5 = -s*b + 19. What is the units digit of b?
8
Suppose 5*k = -2*b + 15 + 44, 0 = 4*b - 5*k - 163. What is the tens digit of b?
3
Let t = -4 - 1. Let f be 2/(0 + 2) - t. Suppose 0 = 3*n + 3*u - 21, 0 = 5*n - f*n + 2*u + 22. What is the tens digit of n?
1
Let y(x) = x**2 + 5*x - 5. Let s be y(-6). What is the units digit of (-65)/(-13) + s*4?
9
S